)?
0
Suppose -108*k + 1033347 = -1743981. What is the thousands digit of k?
5
What is the hundreds digit of (-22)/99 + ((-208016)/9)/(-4)?
7
Suppose 0 = -11*t - 10*t + 126. Suppose -447 = -t*d + 261. What is the tens digit of d?
1
Suppose 0 = 7*o - 7 + 196. Let u = o - -39. Suppose 0 = -15*s + u*s + 30. What is the tens digit of s?
1
Suppose 4*n + 0*n - 31 = 5*a, n = -2*a - 2. Suppose -4*l + 3*f + 4100 = 0, -2292 - 1824 = -n*l - f. What is the hundreds digit of l?
0
Suppose 4*f + 0*f = -8, 5*k = 3*f + 26. Suppose -k*y = -12, 14 = -2*s - y + 93. Suppose 191 = -37*b + s*b. What is the tens digit of b?
9
Let g = -2417 + 42628. What is the units digit of g?
1
Suppose -25*t + 42 = -19*t. Suppose b + 684 = t*b. Let p = b - 57. What is the tens digit of p?
5
Let d be 132*4/((-8)/(-17)). Suppose -5*k + d + 898 = 0. Suppose -n = 2*x - 163, -x + k = 4*x - n. What is the units digit of x?
1
Let a(d) = d**2 - d - 12. Let s be a(-7). Suppose -s*v + 42*v = -278. What is the units digit of v?
9
Suppose -2632355 = -19*p - 102*p. What is the units digit of p?
5
Let p = 488 + 5773. What is the hundreds digit of p?
2
Let m(a) = a**3 + 7*a**2 + 10*a + 7. Let l be m(-5). Suppose 3*f = -q + 14, l*q = 4*q + 15. What is the units digit of (-404)/(-30)*f + 21/35?
1
Suppose -7*r = -99*r - 31333 + 1749801. What is the ten thousands digit of r?
1
Let w(r) = r**2 - 6*r - 11. Let t be w(8). Suppose 2*z + 2*c = 742, 5*z = 2*z - t*c + 1105. Suppose -2*j - j = -z. What is the tens digit of j?
2
Let d = 63444 + -39726. What is the hundreds digit of d?
7
Suppose 4*w + 75 = 5*f - 0*w, -2*f + 5*w = -30. Let v be (f/(-6))/5*-10. Suppose -v*t = -h - 489, 3*h - 93 = -t + 2*h. What is the units digit of t?
7
Let f(d) be the third derivative of 3*d**5/20 - d**4/6 - 7*d**3/2 - 60*d**2. What is the thousands digit of f(-11)?
1
Let g(c) = -2*c + 10. Let k be g(13). Let w = 56 - 54. What is the units digit of ((-8)/k)/(w/296)?
4
Suppose 127 = -3*j + 826. Let x = 356 - j. What is the hundreds digit of x?
1
Suppose 43*b = 13*b + 913380. What is the hundreds digit of b?
4
Let b(v) = 3165*v - 236. What is the thousands digit of b(8)?
5
Let v be 405/(-11) + -2 + 140/77. Let c = v + 42. Suppose -4*f - c*y = -239, 2*f - 136 = 4*y - 10. What is the tens digit of f?
6
Suppose 0 = -4*y - 4*d + 100, 4*y - 17*d + 16*d - 120 = 0. Suppose -y = 3*a - 416. What is the hundreds digit of a?
1
Let r(x) = 2*x**3 + 2*x**2 + 887. Let p be r(0). Suppose -a + p = 32. What is the tens digit of a?
5
Suppose -24601 = 62*d - 109479. What is the units digit of d?
9
Let q = -1387 + 744. Let l = -213 - q. What is the tens digit of l?
3
Suppose -2*r + 6 = 4*t, 10 = 2*r + 4. Suppose t = 5*y - 4*b + 2*b - 1855, 0 = -2*y + 2*b + 748. What is the tens digit of y?
6
Suppose -1999 = -f - 3*t + 3010, 0 = 4*f - 2*t - 19980. What is the tens digit of f?
9
Let h(f) = -10*f - 1 - 25*f - 30*f - 2. What is the tens digit of h(-3)?
9
Let r = 14916 - 10064. What is the thousands digit of r?
4
Let u(s) = 4*s**2 + 47*s + 4170. What is the hundreds digit of u(-90)?
3
Suppose 3*t - 32 = -38. What is the tens digit of (3705/(t + -11))/(1/(-3))?
5
Suppose -g + 1897 = 4*t, 2*g + 3*t = g + 1898. Suppose 5*c = 5*d + 3155, 3*c - d + 6*d = g. What is the hundreds digit of c?
6
Let v(w) = -6*w + 112. Let d be v(12). Suppose -d*l + 2073 + 9647 = 0. What is the units digit of l?
3
Suppose -24*y + 85*y - 4226453 = -70*y. What is the ten thousands digit of y?
3
Suppose -5*a = -5*k - 10 - 5, 5*k + 6 = 2*a. Suppose -3*s - 2*d = -363, -25*s = -21*s + 5*d - 491. Suppose -s - 337 = -a*r. What is the hundreds digit of r?
1
Let j(r) = 2*r**2 - 10*r + 8. Let l(v) = -3*v**2 - 26*v - 6. Let p = -53 - -45. Let f be l(p). What is the hundreds digit of j(f)?
1
Let z(i) = 205*i**2 + 53*i + 66. What is the ten thousands digit of z(9)?
1
Let h(u) = -88*u - 50. Let j = 421 + -428. What is the hundreds digit of h(j)?
5
Suppose 88*q + 168057 = -25*q + 3957173. What is the hundreds digit of q?
5
Let y(c) = -8*c + 2. Let a be y(7). Let z = 54 + a. Suppose 5*j - 601 = -3*p + 134, z = 2*j + p - 295. What is the tens digit of j?
5
Suppose -227 = 4*o + 25. Let c be 36/o - 1103*(-24)/21. Suppose -c = -10*i - 5*i. What is the units digit of i?
4
Let w = -551 + 555. Suppose 3*y - 5*y + 3*m + 543 = 0, 1116 = w*y + 4*m. What is the hundreds digit of y?
2
Suppose 4*z - 10 = -z - 3*r, 5*z = r + 10. Suppose 4*u - 36 = 2*q, 5*q - 11 + 29 = z*u. Suppose 24 - 1149 = -u*m. What is the units digit of m?
5
Suppose -33*n + 100203 = -17178. What is the thousands digit of n?
3
Suppose i + f - 102 = 122, -5*i + 4*f + 1138 = 0. Suppose -2*g = -2*j - 666, 5*g + 3*j - i = 1439. What is the hundreds digit of g?
3
Suppose -3*a + 37 = -0*a - 5*h, -a - 1 = h. What is the hundreds digit of (0 - -1)*a/(8/366)?
1
Suppose -11*m - 18 = -17*m. What is the hundreds digit of (m + -2)/((-3)/(-1398))?
4
Suppose -19*s = -25*s. Suppose s*n - 73 = -n. What is the tens digit of n?
7
Let p(v) = -v**2 + 3*v + 1. Let t be p(4). Let o(f) = 21*f**2 - 4*f - 4. What is the hundreds digit of o(t)?
1
Let k be 6/(-9) - (-50392)/24. Suppose 7*q = -363 + k. What is the units digit of q?
8
Let o = -62 - -74. What is the hundreds digit of 3 - 4 - (-991 + o)?
9
Suppose 36*o = 38*o + 2*t - 2238, 0 = -5*t + 25. Let m = o + 507. What is the tens digit of m?
2
What is the hundreds digit of ((-1014)/(-11))/(93/3069)?
0
Let t(v) be the second derivative of v**4/2 + 23*v**2/2 - 39*v. Let h be t(8). Let p = h + -217. What is the units digit of p?
0
What is the thousands digit of 2934 - (-7 - (-5)/5)?
2
Let l(d) = 7*d - 60. Let g be l(9). Suppose 0 = -g*u + 1637 + 478. What is the hundreds digit of u?
7
Let k(l) = 431*l - 783. What is the thousands digit of k(40)?
6
Let w(s) = -7*s**2 + 6*s + 2968. What is the thousands digit of w(0)?
2
Suppose 21442 + 11888 = 11*c. What is the units digit of c?
0
Let t(d) = 2*d**2 - 12*d - 82. Let p be t(-8). Suppose -p*m - 364 = -146*m. What is the tens digit of m?
9
Let v(u) = -7555*u - 12269. What is the ten thousands digit of v(-6)?
3
Suppose 5*n + 14394 = d, -d - 6989 = 2*n - 1237. Let k = -2053 - n. What is the units digit of k?
5
Suppose 5*m + 17*g - 18*g - 168 = 0, 4*m - 130 = 3*g. What is the units digit of m?
4
Let u(s) = -s**3 + 12*s**2 + 12*s + 21. Let f be u(13). Suppose f*v - 12580 = -12*v. What is the units digit of v?
9
Let o(a) = -1813*a**3 + a**2 - 5*a - 5. Let r be o(-1). Suppose 0 = -9*f + 11291 - r. What is the hundreds digit of f?
0
Let f = 823 - 227. Suppose -10*v + 6*v = -f. Suppose -3*u = 23 - v. What is the units digit of u?
2
Let f(m) = 2*m**2 - 6*m + 422. Let k be (-2)/4*0/(-2). What is the hundreds digit of f(k)?
4
Let m = -4892 + 12507. What is the tens digit of m?
1
Let f = -6267 + 10906. What is the tens digit of f?
3
Let d = -38 + 31. Let z be (114/(-15))/(d/(-35)). Let t = z + 123. What is the tens digit of t?
8
What is the tens digit of (-14*(-20)/(-420))/((-2)/29724)?
0
Let l = 25 - 34. Let n be (1/3 - (-3)/l) + 86. Let o = n - -89. What is the units digit of o?
5
Let p(g) be the third derivative of g**5/60 + 2*g**4/3 - 7*g**2. Let l be p(-16). Suppose 4 + l = -2*q, -2*v = 5*q - 152. What is the units digit of v?
1
Let c be (20/8)/((15/(-222))/5). Let s = -48 - c. What is the units digit of s?
7
Let p be 3555/20 + (-3)/(-12). Let g = p + -86. Let y = g + -47. What is the tens digit of y?
4
Suppose 0 = 9*u - u - 11504. Let t = u - 326. What is the thousands digit of t?
1
Let i = -4374 - -14161. What is the thousands digit of i?
9
Let s(q) be the third derivative of -101*q**4/24 + 3*q**3 + 28*q**2. What is the tens digit of s(-4)?
2
Suppose -2044*g + 2072*g - 55530 - 29506 = 0. What is the tens digit of g?
3
Let q(u) = 19*u**2 + 81*u + 46. What is the hundreds digit of q(-20)?
0
Let w(y) = 13*y - 433. Let v(b) = -7*b + 214. Let s(l) = 9*v(l) + 4*w(l). What is the units digit of s(13)?
1
Suppose 183*j = 348*j - 178*j + 43511. What is the units digit of j?
7
Let c = -58 + 55. Let m be 6 + 39 + c + 2. Let h = m - 42. What is the units digit of h?
2
Suppose -3*j + 203630 = 5*t + 68169, 4*j = -2*t + 180582. What is the tens digit of j?
4
Let k(x) = 13*x + 0*x**3 + 20*x**2 - 9 + x**3 - 9 - 10*x. What is the hundreds digit of k(-10)?
9
Let u(r) = -5*r**2 + 6*r - 56. Let 